{"id":17,"date":"2013-08-13T01:37:24","date_gmt":"2013-08-13T00:37:24","guid":{"rendered":"http:\/\/www.vlcstveit.at\/?page_id=17"},"modified":"2025-05-22T07:25:01","modified_gmt":"2025-05-22T05:25:01","slug":"der-chor","status":"publish","type":"page","link":"https:\/\/www.vlcstveit.at\/","title":{"rendered":"Der Chor"},"content":{"rendered":"\n<h3 class=\"wp-block-heading\">Chronik<\/h3>\n\n\n\n<hr class=\"wp-block-separator has-css-opacity is-style-wide\"\/>\n\n\n\n<p>Der heutige Volksliedchor St. Veit an der Glan wurde im J\u00e4nner 1900 als Eisenbahnergesangsverein \u201e<em><strong>Vorw\u00e4rts<\/strong><\/em>\u201c gegr\u00fcndet.  Eine eigene Vereinsfahne wurde 1910 angeschafft. 1924 trat der Chor erstmals als gemischter Chor unter dem Namen \u201e<em><strong>Arbeitergesangsverein<\/strong><\/em>\u201c auf.  1934 wurden alle Arbeitergesangsvereine zwangsweise aufgel\u00f6st und so konnte erst nach dem Ende des Zweiten Weltkriegs die Vereinsarbeit wieder aufgenommen werden. 1965 wurde der Vereinsname ein weiteres Mal ge\u00e4ndert. Seit diesem Zeitpunkt singen die begeisterten Chor-Mitglieder unter dem Namen \u201e<em><strong>Volksliedchor St. Veit \/ Glan<\/strong><\/em>\u201c. <\/p>\n\n\n\n<p>Der Chor war zu jeder Zeit bem\u00fcht,  am kulturellen Leben der Stadt St. Veit teilzunehmen und erhielt daf\u00fcr in den  1970er Jahren das <strong>Stadtwappen der Herzogstadt \u2013 den Heiligen Vitus<\/strong> \u2013 verliehen. <br><br>Bei zahlreichen Konzertreisen im In- und Ausland hat sich der Chor einen guten Ruf verschafft. Mit einem umfangreichen musikalischen  Angebot &#8211; wie <em>K\u00e4rntnerlieder<\/em>, <em>Volkslieder<\/em> <em>aus aller Welt<\/em>, <em>Madrigale<\/em>, <em>geistliche Literatur<\/em>, bis zu <em>Schlagern<\/em> &#8211;<em> <\/em>singt sich der Volksliedchor St.Veit in die Herzen der Zuh\u00f6rer. Im Jahre 1995 und 2000 wurden  zwei CDs aufgenommen, im Herbst 2015 die dritte CD <em>&#8222;A Liadle in mein Herzlan drin&#8220;. <\/em>Die  Teilnahme an einigen Wettbewerben rundet die Aktivit\u00e4ten ab. <\/p>\n\n\n\n<p>Von 2003 bis 2023 stand der Chor unter der musikalischen Leitung von <strong>Arno Artner.<\/strong><\/p>\n\n\n\n<p>2009 bekamen die S\u00e4ngerinnen anl\u00e4\u00dflich des Jubil\u00e4ums im Jahre 2010  eine neue einheitliche Tracht \u2013 <em><strong>die Glantaler Festtagstracht<\/strong><\/em>. <\/p>\n\n\n\n<p>2014 Mitwirkung bei der Er\u00f6ffnung der Blumenhalle St. Veit an der Glan.<\/p>\n\n\n\n<p>2015 Das traditionelle &#8222;Freundschaftssingen&#8220; wird umbenannt zu &#8222;Freundschaftskonzert&#8220;. Pr\u00e4sentation des 3. Tontr\u00e4gers &#8222;A Liadle in mein Herzlan drin&#8220;.<\/p>\n\n\n\n<p>2019 Konzerteinladung nach Berlin-Sch\u00f6nwalde.<\/p>\n\n\n\n<p>2020 Infolge der Covid-19-Pandemie gibt es zwei Jahre lang keinerlei Aktivit\u00e4ten.<\/p>\n\n\n\n<p>2023 Juli, Arno Artner \u00fcbergibt die Chorleitung an<strong> Marianne Schlintl<\/strong>.<\/p>\n\n\n\n<div class=\"wp-block-group is-vertical is-layout-flex wp-container-core-group-is-layout-8cf370e7 wp-block-group-is-layout-flex\">\n<p>2025 &nbsp;&nbsp; <strong>125 Jahre Bestandsjubil\u00e4um vom Volksliedchor St. Veit an der Glan<\/strong><\/p>\n\n\n\n<p>                10.05.2025 Freundschaftskonzert im Rathaus St. Veit an der Glan<\/p>\n<\/div>\n\n\n\n<p><\/p>\n","protected":false},"excerpt":{"rendered":"<p>Chronik Der heutige Volksliedchor St. Veit an der Glan wurde im J\u00e4nner 1900 als Eisenbahnergesangsverein \u201eVorw\u00e4rts\u201c gegr\u00fcndet. Eine eigene Vereinsfahne wurde 1910 angeschafft. 1924 trat der Chor erstmals als gemischter &hellip; <\/p>\n<p class=\"link-more\"><a href=\"https:\/\/www.vlcstveit.at\/\" class=\"more-link\"><span class=\"screen-reader-text\">\u201eDer Chor\u201c<\/span> weiterlesen<\/a><\/p>\n","protected":false},"author":2,"featured_media":1179,"parent":0,"menu_order":1,"comment_status":"closed","ping_status":"closed","template":"","meta":{"footnotes":""},"class_list":["post-17","page","type-page","status-publish","has-post-thumbnail","hentry"],"jetpack_sharing_enabled":true,"_links":{"self":[{"href":"https:\/\/www.vlcstveit.at\/index.php?rest_route=\/wp\/v2\/pages\/17","targetHints":{"allow":["GET"]}}],"collection":[{"href":"https:\/\/www.vlcstveit.at\/index.php?rest_route=\/wp\/v2\/pages"}],"about":[{"href":"https:\/\/www.vlcstveit.at\/index.php?rest_route=\/wp\/v2\/types\/page"}],"author":[{"embeddable":true,"href":"https:\/\/www.vlcstveit.at\/index.php?rest_route=\/wp\/v2\/users\/2"}],"replies":[{"embeddable":true,"href":"https:\/\/www.vlcstveit.at\/index.php?rest_route=%2Fwp%2Fv2%2Fcomments&post=17"}],"version-history":[{"count":9,"href":"https:\/\/www.vlcstveit.at\/index.php?rest_route=\/wp\/v2\/pages\/17\/revisions"}],"predecessor-version":[{"id":1404,"href":"https:\/\/www.vlcstveit.at\/index.php?rest_route=\/wp\/v2\/pages\/17\/revisions\/1404"}],"wp:featuredmedia":[{"embeddable":true,"href":"https:\/\/www.vlcstveit.at\/index.php?rest_route=\/wp\/v2\/media\/1179"}],"wp:attachment":[{"href":"https:\/\/www.vlcstveit.at\/index.php?rest_route=%2Fwp%2Fv2%2Fmedia&parent=17"}],"curies":[{"name":"wp","href":"https:\/\/api.w.org\/{rel}","templated":true}]}}